t of b?
1
What is the units digit of 0/2 - (-61 - -11)?
0
What is the tens digit of (1115/10)/(3/6)?
2
Let p(w) be the first derivative of w**3/3 - 3*w**2/2 - 7*w + 2. What is the tens digit of p(6)?
1
What is the hundreds digit of ((-100)/3)/(5/(-15))?
1
Suppose -4*u + 40 = -0. Suppose -u + 5 = -5*w. Let k = 10 - w. What is the units digit of k?
9
Let v be -2 + 0 + (7 - -1). Suppose -2*d = -v - 20. Let y = -6 + d. What is the units digit of y?
7
Let o(i) = -4*i - 3. What is the units digit of o(-18)?
9
Let d = -99 - -233. What is the hundreds digit of d?
1
Let g(w) be the first derivative of -w**3/3 - 4*w**2 - 2*w - 9. What is the tens digit of g(-6)?
1
Let p(f) be the first derivative of 1 + 7/2*f**2 - 1/3*f**3 + 0*f. What is the units digit of p(6)?
6
Suppose -5 + 41 = 3*w. Suppose -3*u + 5*f + 39 = 0, 3*u - 3*f + 7*f = w. Let t(b) = -b**2 + 8*b + 6. What is the units digit of t(u)?
6
Suppose 4*m - 3*z - 48 = m, -z - 56 = -3*m. What is the units digit of m?
0
Suppose -s + 2*s - 20 = 0. Let y = -17 - -7. What is the tens digit of (5/y)/((-1)/s)?
1
What is the units digit of 4/22 - 3426/(-33)?
4
Suppose -z + 2*n + 199 = 0, -n + 597 = 2*z + z. What is the hundreds digit of z?
1
Let p be (-10)/(-3)*(-408)/(-16). Let c = -50 + p. What is the units digit of c?
5
Suppose -w = -2*w. What is the units digit of w + (3 - -1) + 2?
6
Let i(q) be the third derivative of -q**6/120 - 7*q**5/60 + q**4/4 - 2*q**3/3 - 4*q**2. What is the units digit of i(-8)?
2
Suppose 3*i - 179 = 2*i - 5*d, i = -3*d + 175. What is the tens digit of i?
6
Let m(x) = -x**3 - 5*x**2 + 4*x - 6. Let v be m(-6). Let j = -2 + v. What is the units digit of j?
4
Suppose 4*a = 3*a - x + 8, 4*a = x + 32. Suppose a = -2*f + 4. What is the units digit of (f + (-9)/(-6))*-2?
1
Suppose -m + 26 = 5*g, -m - m = -2*g + 20. Let l be g - -1 - 1/(-1). Suppose 0 = 4*t - 12 - l, 4*q - 10 = 2*t. What is the units digit of q?
5
Suppose 28 = 5*z - 137. What is the units digit of z?
3
Let r(c) = 2*c + 19. What is the tens digit of r(10)?
3
Let p(c) = c**2 + 2*c + 5. What is the units digit of p(-4)?
3
Let p = -9 + 67. What is the units digit of p?
8
Let a(k) = -3 - k + 8*k - k**3 - 5*k**2 + 0*k**3. Let d be a(-6). What is the units digit of (6/d)/((-1)/12)?
8
Let n = 0 + -3. What is the units digit of (-2)/n - (-19)/3?
7
Suppose y - 9 + 3 = 0. Suppose 3*m - 3 = 2*a + 11, 19 = 4*m - 3*a. Let q = m + y. What is the tens digit of q?
1
Suppose 2*c - 3*c = 5. Suppose -4 = -3*b - 37. What is the units digit of (b - c)*(-3)/2?
9
Let j(r) = -8*r - 10. Let u be j(-7). Suppose -5*g - k + u = -2*k, 4*k = 4*g - 24. What is the tens digit of g?
1
Suppose 4*o + 0*c + 5*c = -65, -c + 45 = -5*o. Let f be ((-16)/o)/((-8)/(-20)). Suppose -f*m - 2 + 6 = 0. What is the units digit of m?
1
Let c(a) = -6*a - 3. What is the tens digit of c(-5)?
2
Let i(k) = -k**3 - 3*k**2 - k + 1. Let m = 2 + -5. Let d be i(m). Suppose -d*j + 11 = -1. What is the units digit of j?
3
Suppose -6*p + p - 15 = 0. What is the units digit of 160/25 + p/(-5)?
7
Suppose 0 = -o - 4*o. Let p = -2 - o. Let r = p + 6. What is the units digit of r?
4
Let a(y) = -5*y + 39. What is the tens digit of a(-11)?
9
Let k(i) = -i**2 - 9*i - 10. Let v be k(-7). What is the units digit of -7*(2/2 - v)?
1
Let w = -33 + 69. What is the units digit of w?
6
Let x = 216 - 115. What is the units digit of x?
1
Let b(a) = a**2 + 5*a + 7. What is the units digit of b(-7)?
1
Let b be (2 + 0)*(0 + -2). Let o be (-50)/(2/(b - -2)). Suppose -5*w = -10 - o. What is the tens digit of w?
1
Suppose o + 79 = h - 3*o, -h + 80 = -3*o. What is the units digit of h?
3
What is the tens digit of 43 - 9/(-12)*-4?
4
Let k(h) = h**3 - 4*h**2 - 6*h + 2. Suppose 3*s + 2*m - 9 = 0, -3*s + 1 + 5 = 3*m. Let i be k(s). Let y = 22 + i. What is the units digit of y?
9
Let n = 35 - -205. What is the tens digit of n?
4
Let b(x) = -11*x**3 + x**2. Let o(w) = 5*w - 6*w + 3 - 8 - 5. Let r be o(-9). What is the tens digit of b(r)?
1
Let y = 3 + -3. Suppose -20 = -4*b, 2*i - 2*b - 4 = 24. Suppose y = 3*q - 2*n - 25, -5*n + 4 - i = 2*q. What is the units digit of q?
5
Suppose 7*l - 3*l = 0. Suppose 8 = -4*f - 2*w, 3*w + 12 = -l*f - 5*f. Suppose f = -2*p + 14 + 14. What is the units digit of p?
4
Suppose 3*c - 2106 = -10*c. What is the units digit of c?
2
Let o = -13 - -19. Let b = -4 + o. What is the units digit of b?
2
Let m be 12/6 - 1*-1. Suppose -5*c - 2*p = 33, c + 0*p = m*p + 7. Let h = -1 - c. What is the units digit of h?
4
Let k(y) = 2*y**2 + 4*y - 1. Let a(d) = d**2 - 8*d + 3. Let r be a(7). What is the units digit of k(r)?
5
Let w = -114 + 198. What is the units digit of w?
4
Let y(d) = -d**2 - 4*d + 15. Let b(s) = 2*s**2 + 9*s - 31. Let i(r) = 4*b(r) + 9*y(r). Let n be i(0). Suppose 3*z + n = 4*z. What is the tens digit of z?
1
Suppose 0 = o - 5*o - 4*c, -c + 8 = -3*o. Let q = 5 - o. What is the units digit of q?
7
Let n(a) = a**3 + 5*a**2 + 3*a - 2. Let c be n(-3). Suppose -c*h = -4*h - 24. What is the units digit of h?
8
Suppose -c = 3*c - 228. What is the tens digit of c?
5
Let n(b) = -32*b + 1. What is the tens digit of n(-1)?
3
What is the units digit of (2 - 153)/(9/(-18))?
2
Suppose 2*l = l + 2. What is the units digit of l?
2
Let f(s) = -s**3 + 10*s**2 + 12*s - 8. Let a be f(11). Suppose w - 11 = -a. What is the units digit of w?
8
Suppose -4*j = 4*l - 716, -5*l + 4*j + 922 = -0*l. Suppose 5*x + p = 5*p + l, -4*x + 142 = -2*p. What is the units digit of x?
4
Let q = -85 - -56. Let f = -12 - q. What is the units digit of f?
7
Let n be (14/(-5))/((-2)/10). Let w = -6 + n. Let z = -2 + w. What is the units digit of z?
6
Let f be ((-10)/3)/((-2)/3). Let o be 0 + f/((-15)/(-6)). Suppose -v + 6 = o*v. What is the units digit of v?
2
Suppose -4*c + 3*w = 36, -c + 2*w - 16 = 3*w. Let r = 15 + 6. Let z = r + c. What is the units digit of z?
9
Let f(m) = m**3 + 9*m**2 + 3. Let r be f(-9). Suppose b - r = -2*b. What is the units digit of b?
1
Let w = 17 + -29. Let d = -18 - -12. Let r = d - w. What is the units digit of r?
6
Suppose -4*q - 2*b + 644 = 0, 11*q - 13*q + 310 = 4*b. What is the tens digit of q?
6
Let t be 3 + (2 - 5) + 3. Suppose 0 = -t*a - 3*b, 4*a + b - 6 - 9 = 0. What is the units digit of a?
5
Suppose 8*s - 3*s = 10. Let b be (-2)/(-3) + s/(-3). What is the units digit of 5 + (1 - 3 - b)?
3
Let d(h) = 2*h**2 - 2*h + 1. What is the units digit of d(6)?
1
Suppose 3*t + 2*t - 23 = 4*g, 2*g - 8 = -4*t. Suppose -t*u = -4*u + 24. What is the tens digit of u?
2
Suppose 18 = -0*p + 3*p. Suppose -l - 3*c + p + 3 = 0, -l + 3*c = -9. What is the units digit of l?
9
Let b(l) = 4*l**2 - 28*l + 3. What is the hundreds digit of b(10)?
1
Let c(s) = s**3 + 7*s**2 + 6*s. Let r be c(-7). What is the units digit of ((-12)/(-18))/((-4)/r)?
7
Let a(l) = l**2 - 11*l + 26. Let w be a(8). Let s(u) be the first derivative of 7*u**2/2 - 1. What is the units digit of s(w)?
4
Suppose 6*p = 3*p. Let c = 16 - 12. Suppose c*q - 7 = -3*o - 0, 3*o - 4*q - 47 = p. What is the units digit of o?
9
Let w be (-2)/5 + 504/10. Let l = -33 + w. What is the units digit of l?
7
What is the hundreds digit of 1*-1 + 0 + (-79 - -205)?
1
Let j(m) = 2*m + 9. Let n be j(-7). Let v = n + 12. What is the units digit of v?
7
Let j(s) = -s**3 + 5*s**2 - 2*s - 5. Let k = -2 - -6. Let w be j(k). Suppose 4*i - 5*z - 51 + w = 0, -4 = z. What is the units digit of i?
7
Let w(d) = -14*d. Let m(o) = -13*o. Let h(k) = 4*m(k) - 3*w(k). Let y be -1*(1 + (1 - 1)). What is the tens digit of h(y)?
1
Let c(t) be the first derivative of -t**2/2 + 17*t - 4. Let d(w) = -w**3 + w. Let s be d(1). What is the tens digit of c(s)?
1
What is the units digit of (-1 + 1*4/6)*-705?
5
Let a be 3 + 2 + -1 + 1. Let n(u) = 4*u + 2*u - a*u + 9. What is the units digit of n(-5)?
4
Let c(b) = 2*b**2 - 9*b + 2. Let r be c(6). Let k be 1/((-2)/r*2). What is the units digit of (-6)/k*(-15)/(-2)?
9
Let w = -62 - -323. What is the units digit of w?
1
Let g be -3*-4*1/3. Suppose o + 5*h = g, -30 - 3 = -4*o - 3*h. What is the units digit of o?
9
Let b(o) be the second derivative of o**5/20 - 5*o**4/12 + 2*o**3/3 + o**2 - o. What is the units digit of b(4)?
2
Let o(k) = 17*k**2 - 4*k - 2. What is the units digit of o(-2)?
4
Let m = -39 + 18. Let c = m - -52. What is the